e 10332?
True
Is 10290 a multiple of 105?
True
Is 5 a factor of 285?
True
Is 6952 a multiple of 158?
True
Is 11302 a multiple of 36?
False
Is 51534 a multiple of 18?
True
Is 2203 a multiple of 82?
False
Is 10 a factor of 1100?
True
Is 20475 a multiple of 39?
True
Is 4515 a multiple of 35?
True
Is 18 a factor of 1368?
True
Does 31 divide 403?
True
Is 3060 a multiple of 51?
True
Is 7 a factor of 227?
False
Is 10 a factor of 433?
False
Does 31 divide 1490?
False
Does 4 divide 258?
False
Does 30 divide 9780?
True
Does 39 divide 3447?
False
Is 18 a factor of 108?
True
Is 761 a multiple of 78?
False
Does 4 divide 888?
True
Is 15 a factor of 263?
False
Is 44 a factor of 220?
True
Does 22 divide 331?
False
Is 62 a factor of 29078?
True
Is 7 a factor of 49?
True
Is 72 a factor of 14544?
True
Is 16752 a multiple of 28?
False
Is 6708 a multiple of 11?
False
Does 9 divide 171?
True
Is 2301 a multiple of 6?
False
Does 66 divide 8510?
False
Does 97 divide 127551?
False
Is 564 a multiple of 6?
True
Is 138 a factor of 17112?
True
Does 14 divide 972?
False
Is 40 a factor of 120?
True
Is 2825 a multiple of 28?
False
Does 13 divide 702?
True
Is 2889 a multiple of 30?
False
Is 95 a multiple of 6?
False
Does 24 divide 107784?
True
Does 30 divide 2730?
True
Does 44 divide 2714?
False
Does 3 divide 185?
False
Is 3320 a multiple of 40?
True
Is 53 a factor of 651?
False
Is 7157 a multiple of 11?
False
Is 62 a factor of 25420?
True
Does 15 divide 4800?
True
Is 1102 a multiple of 39?
False
Is 3568 a multiple of 16?
True
Is 99 a factor of 6237?
True
Is 12 a factor of 1704?
True
Is 12 a factor of 723?
False
Is 598 even?
True
Does 13 divide 2481?
False
Does 63 divide 11187?
False
Does 76 divide 21199?
False
Is 67122 a multiple of 22?
True
Is 11 a factor of 275?
True
Is 44 a factor of 17288?
False
Is 2568 a multiple of 105?
False
Does 30 divide 2125?
False
Is 26596 a multiple of 61?
True
Does 7 divide 875?
True
Is 598 a multiple of 26?
True
Is 157 a factor of 25120?
True
Is 11 a factor of 37499?
True
Is 546 even?
True
Is 5 a factor of 3408?
False
Does 38 divide 16340?
True
Is 6 a factor of 989?
False
Is 224 a factor of 8606?
False
Is 3387 a multiple of 31?
False
Does 11 divide 308?
True
Is 6764 a multiple of 4?
True
Does 6 divide 1878?
True
Is 1044 a multiple of 33?
False
Does 10 divide 230?
True
Does 16 divide 6400?
True
Does 44 divide 731?
False
Is 15546 a multiple of 13?
False
Is 840 a multiple of 56?
True
Is 28206 a multiple of 16?
False
Is 19 a factor of 972?
False
Does 124 divide 48717?
False
Is 3434 a multiple of 13?
False
Does 100 divide 84843?
False
Does 28 divide 14448?
True
Is 68 a factor of 2070?
False
Does 66 divide 128605?
False
Does 65 divide 5239?
False
Is 485 a multiple of 4?
False
Is 24288 a multiple of 6?
True
Does 4 divide 243?
False
Is 12 a factor of 161640?
True
Does 16 divide 15584?
True
Is 10000 a multiple of 12?
False
Does 10 divide 3362?
False
Is 20 a factor of 935?
False
Is 106653 a multiple of 73?
True
Is 8 a factor of 23641?
False
Is 14 a factor of 10343?
False
Is 2 a factor of 88?
True
Is 8 a factor of 320?
True
Is 3 a factor of 9291?
True
Is 972 a multiple of 18?
True
Does 8 divide 545?
False
Is 50 a factor of 71814?
False
Is 13 a factor of 156?
True
Is 5040 a multiple of 252?
True
Does 30 divide 4920?
True
Does 20 divide 360?
True
Is 5 a factor of 57?
False
Does 52 divide 2704?
True
Is 17 a factor of 76?
False
Is 488 a multiple of 9?
False
Is 2444 a multiple of 27?
False
Is 12 a factor of 456?
True
Is 672 a multiple of 21?
True
Is 54240 a multiple of 142?
False
Is 6 a factor of 3750?
True
Is 43 a multiple of 4?
False
Is 19803 a multiple of 6?
False
Is 3 a factor of 42?
True
Does 11 divide 11669?
False
Is 1602 a multiple of 6?
True
Is 9 a factor of 3501?
True
Does 19 divide 1310?
False
Is 180 a multiple of 15?
True
Is 463 a multiple of 40?
False
Does 123 divide 6888?
True
Is 191 a factor of 31125?
False
Is 23908 a multiple of 43?
True
Does 12 divide 64?
False
Does 8 divide 9464?
True
Is 152 a factor of 4104?
True
Does 15 divide 15?
True
Is 97 a factor of 15423?
True
Does 56 divide 2968?
True
Is 17 a factor of 10783?
False
Does 45 divide 6451?
False
Is 12 a factor of 1003?
False
Does 12 divide 81403?
False
Is 32009 a multiple of 14?
False
Is 6 a factor of 162?
True
Is 97 a factor of 959?
False
Does 135 divide 2928?
False
Is 3995 a multiple of 8?
False
Is 270 a multiple of 30?
True
Is 13428 a multiple of 18?
True
Does 14 divide 566?
False
Does 66 divide 15121?
False
Is 10 a factor of 50240?
True
Does 11 divide 6952?
True
Does 42 divide 604?
False
Is 82 a factor of 1175?
False
Is 20 a factor of 538?
False
Does 13 divide 702?
True
Does 21 divide 85217?
False
Is 26100 a multiple of 12?
True
Is 468 a multiple of 18?
True
Is 1824 a multiple of 8?
True
Is 15 a factor of 3900?
True
Is 28 a factor of 56422?
False
Is 231 a multiple of 22?
False
Does 4 divide 345?
False
Is 23 a factor of 10276?
False
Does 30 divide 1278?
False
Is 4 a factor of 120?
True
Is 4 a factor of 90?
False
Is 18 a factor of 360?
True
Is 7 a factor of 458?
False
Is 97 even?
False
Is 1020 a multiple of 15?
True
Does 28 divide 2808?
False
Is 12 a factor of 2009?
False
Is 3497 a multiple of 55?
False
Is 115 a factor of 1840?
True
Is 7136 a multiple of 8?
True
Is 8 a factor of 2248?
True
Is 22 a factor of 352?
True
Is 11087 a multiple of 18?
False
Is 876 a multiple of 13?
False
Is 246 a multiple of 24?
False
Does 19 divide 399?
True
Is 124 a factor of 6944?
True
Is 28 a factor of 8882?
False
Does 11 divide 6642?
False
Is 7 a factor of 560?
True
Is 47 a factor of 752?
True
Is 4 a factor of 2632?
True
Is 64 a factor of 2528?
False
Is 504 a multiple of 6?
True
Does 11 divide 418?
True
Is 75 a factor of 3184?
False
Is 8951 a multiple of 11?
False
Is 4 a factor of 297?
False
Does 60 divide 15000?
True
Is 68 a factor of 692?
False
Is 399 a multiple of 2?
False
Is 91 a factor of 1820?
True
Does 138 divide 41400?
True
Does 150 divide 3211?
False
Is 35061 a multiple of 74?
False
Is 176 a multiple of 88?
True
Does 10 divide 24810?
True
Is 11 a factor of 14366?
True
Is 391 a multiple of 23?
True
Is 27 a factor of 2700?
True
Is 15 a multiple of 3?
True
Is 143 a factor of 3146?
True
Does 9 divide 3384?
True
Is 321 a multiple of 3?
True
Does 25 divide 3027?
False
Is 6162 a multiple of 10?
False
Does 5 divide 80?
True
Does 13 divide 7020?
True
Does 22 divide 18796?
False
Is 153 a multiple of 17?
True
Does 77 divide 8316?
True
Is 9 a factor of 35685?
True
Is 6 a factor of 8593?
False
Does 12 divide 1644?
True
Does 33 divide 762?
False
Is 8998 a multiple of 11?
True
Is 38820 a multiple of 61?
False
Is 17 a factor of 42212?
False
Does 61 divide 305?
True
Does 114 divide 8385?
False
Is 7 a factor of 1588?
False
Is 42 a factor of 546?
True
Does 2 divide 48?
True
Is 25 a factor of 7825?
True
Is 3695 a multiple of 5?
True
Is 33280 a multiple of 64?
True
Is 11 a factor of 11833?
False
Is 14 a factor of 546?
True
Is 14453 a multiple of 34?
False
Is 1215 a multiple of 3?
True
Is 10788 a multiple of 12?
True
Does 4 divide 280?
True
Is 15 a factor of 2407?
False
Is 5987 a multiple of 4?
False
Does 418 divide 147233?
False
Does 167 divide 76079?
False
Is 25 a factor of 828?
False
Is 154 a factor of 60214?
True
Does 33 divide 7286?
False
Does 57 divide 114?
True
Is 6350 a multiple of 18?
False
Is 2640 a multiple of 40?
True
Is 742 a multiple of 23?
False
Is 60360 a multiple of 12?
True
Is 7844 a multiple of 74?
True
Is 1494 a multiple of 19?
False
Is 938 a multiple of 14?
True
Is 1232 a multiple of 11?
True
Is 190 a multiple of 11?
False
Does 198 divide 2376?
True
Does 19 divide 285?
True
Does 22 divide 3640?
False
Does 23 divide 38594?
True
Does 7 divide 7337?
False
Is 5093 a multiple of 57?
False
Is 2964 a multiple of 13?
True
Does 16 divide 2786?
False
Is 121 a factor of 65980?
False
Does 43 divide 903?
True
Is 22 a factor of 559?
False
Is 57582 a multiple of 10?
False
Does 14 divide 1403?
False
Is 133 a factor of 13433?
True
Is 3708 a multiple of 6?
True
Is 12870 a multiple of 99?
True
Is 1949 a multiple of 20?
False
Is 532 a multiple of 67?
False
Is 628 a multiple of 30?
False
Does 4 divide 1216?
True
Is 312 a multiple of 52?
True
Does 96 divide 2112?
True
Is 3 a factor of 1914?
True
Does 20 divide 94265?